{"id":65,"date":"2009-03-01T14:39:46","date_gmt":"2009-03-01T13:39:46","guid":{"rendered":"http:\/\/www.scd.si\/slo\/?page_id=65"},"modified":"2011-02-19T15:51:19","modified_gmt":"2011-02-19T14:51:19","slug":"dejavnosti","status":"publish","type":"page","link":"https:\/\/www.scd.si\/slo\/dejavnosti","title":{"rendered":"Dejavnosti"},"content":{"rendered":"<h2>Dan slovenskih cerkvenih glasbenikov<\/h2>\n<h2>Festival slovenske cerkvene glasbe<\/h2>\n<h2>Te\u010daj liturgi\u010dnega orglanja<\/h2>\n<h2>Nate\u010daji<\/h2>\n<h2>Posveti<\/h2>\n<h2>Te\u010daji<\/h2>\n<h2>Zalo\u017eni\u0161tvo<\/h2>\n<h2>Ob\u010dni zbor<\/h2>\n","protected":false},"excerpt":{"rendered":"<p>Dan slovenskih cerkvenih glasbenikov Festival slovenske cerkvene glasbe Te\u010daj liturgi\u010dnega orglanja Nate\u010daji Posveti Te\u010daji Zalo\u017eni\u0161tvo Ob\u010dni zbor<\/p>\n","protected":false},"author":1,"featured_media":0,"parent":0,"menu_order":12,"comment_status":"closed","ping_status":"closed","template":"","meta":[],"_links":{"self":[{"href":"https:\/\/www.scd.si\/slo\/wp-json\/wp\/v2\/pages\/65"}],"collection":[{"href":"https:\/\/www.scd.si\/slo\/wp-json\/wp\/v2\/pages"}],"about":[{"href":"https:\/\/www.scd.si\/slo\/wp-json\/wp\/v2\/types\/page"}],"author":[{"embeddable":true,"href":"https:\/\/www.scd.si\/slo\/wp-json\/wp\/v2\/users\/1"}],"replies":[{"embeddable":true,"href":"https:\/\/www.scd.si\/slo\/wp-json\/wp\/v2\/comments?post=65"}],"version-history":[{"count":11,"href":"https:\/\/www.scd.si\/slo\/wp-json\/wp\/v2\/pages\/65\/revisions"}],"predecessor-version":[{"id":465,"href":"https:\/\/www.scd.si\/slo\/wp-json\/wp\/v2\/pages\/65\/revisions\/465"}],"wp:attachment":[{"href":"https:\/\/www.scd.si\/slo\/wp-json\/wp\/v2\/media?parent=65"}],"curies":[{"name":"wp","href":"https:\/\/api.w.org\/{rel}","templated":true}]}}

<h2>Dan slovenskih cerkvenih glasbenikov</h2>
<h2>Festival slovenske cerkvene glasbe</h2>
<h2>Tečaj liturgičnega orglanja</h2>
<h2>Natečaji</h2>
<h2>Posveti</h2>
<h2>Tečaji</h2>
<h2>Založništvo</h2>
<h2>Občni zbor</h2>

<p>Dan slovenskih cerkvenih glasbenikov Festival slovenske cerkvene glasbe Tečaj liturgičnega orglanja Natečaji Posveti Tečaji Založništvo Občni zbor</p>
