{"id":71,"date":"2009-03-01T14:41:32","date_gmt":"2009-03-01T13:41:32","guid":{"rendered":"http:\/\/www.scd.si\/slo\/?page_id=71"},"modified":"2022-03-07T21:02:57","modified_gmt":"2022-03-07T20:02:57","slug":"obcni-zbori","status":"publish","type":"page","link":"https:\/\/www.scd.si\/slo\/dejavnosti\/obcni-zbori","title":{"rendered":"Ob\u010dni zbori"},"content":{"rendered":"<h2>Volilni ob\u010dni zbor 2022<\/h2>\n<p>Sobota, 26. marec 2022, ob 20.00. V \u017eelji, da bi se ob\u010dnega zbora lahko udele\u017eilo \u010dim ve\u010d \u010dlanov, ga bomo tudi letos organizirali preko aplikacije Zoom<em>.\u00a0<\/em><\/p>\n<h2>Ob\u010dni zbor 2021<\/h2>\n<p>Zaradi slabih epidemiolo\u0161kih razmer v epidemiji kovid je bil ob\u010dni zbor izveden preko spletne aplikacije Zoom, <strong>13. marca 2020 ob 18. uri<\/strong>.<\/p>\n<h2>Ob\u010dni zbor 2020<\/h2>\n<p>Dvorana Glasbene \u0161ole Rakovnik<br \/>\nZavod Salesianum, OE Glasbena \u0161ola Rakovnik, Rakovni\u0161ka 6, 1000 Ljubljana<br \/>\nSobota, 19. septembra 2020, od 11.00 do 13.00<\/p>\n<h2>Ob\u010dni zbor 2019<\/h2>\n<p class=\"western\" align=\"left\">Spo\u0161tovane \u010dlanice, spo\u0161tovani \u010dlani Slovenskega Cecilijinega dru\u0161tva,<\/p>\n<p class=\"western\" align=\"left\">vabimo vas na <b>ob\u010dni zbor Slovenskega Cecilijinega dru\u0161tva, ki bo v nedeljo, 17. marca 2019 ob 17. uri v prostorih Orglarske \u0161ole v Ljubljani, Poljanska cesta 4.<\/b><\/p>\n<p class=\"western\" align=\"left\">Na ob\u010dnem zboru bomo pregledali delovanje dru\u0161tva v letu 2018 ter predstavili na\u010drte za teko\u010de leto pa tudi smernice za prihodnost. Vse \u010dlanice in \u010dlane dru\u0161tva vabimo, da na ob\u010dnem zboru aktivno sodelujete.<\/p>\n<p class=\"western\" align=\"left\">Dnevni red:<br \/>\n1. Poro\u010dila o delu SCD v 2018<br \/>\n2. Razprava o poro\u010dilih<br \/>\n3. Sprejem poro\u010dil<br \/>\n4. Na\u010drt dela in finan\u010dni na\u010drt za 2019<br \/>\n5. Razno<\/p>\n<p class=\"western\" align=\"left\">Pred za\u010detkom ob\u010dnega zbora se bomo ob <b>16. uri zbrali pri ma\u0161i v ljubljanski stolnici<\/b> in nato z dogajanjem nadaljevali v prostorih Orglarske \u0161ole na Poljanski cesti 4. Po zaklju\u010dku ob\u010dnega zbora vas vabim na koncert Zbora Slovenske filharmonije v okviru Vokalnega abonmaja, ki se bo za\u010del ob 19.30 v Kozinovi dvorani Slovenske filharmonije. \u010ce nam bo \u010das dopu\u0161\u010dal, se lahko udele\u017eimo tudi predkoncertnega pogovora, ki ga bo vodil na\u0161 nekdanji predsednik g. Toma\u017e Faganel. Na koncertnem programu so dela Herberta Howellsa, Ildebranda Pizzettija, Francisa Poulenca, Johannesa Brahmsa in Gustava Mahlerja.<\/p>\n<p class=\"western\" align=\"left\">Z \u017eeljo za uspeh in blagoslov pri na\u0161em skupnem cerkvenoglasbenem delu ter v upanju, da se na ob\u010dnem zboru sre\u010damo v \u010dim ve\u010djem \u0161tevilu, vas v imenu izvr\u0161nega odbora Slovenskega Cecilijinega dru\u0161tva lepo pozdravljam!<\/p>\n<h2>Ob\u010dni zbor 2018<\/h2>\n<p>Spo\u0161tovane \u010dlanice, spo\u0161tovani \u010dlani Slovenskega Cecilijinega dru\u0161tva, kolegice in kolegi,<br \/>\nVse \u010dlanice in \u010dlane dru\u0161tva vabimo na\u00a0<strong>letni in volilni ob\u010dni zbor<\/strong>,\u00a0ki bo\u00a0<strong>v nedeljo, 11. marca ob 17. uri v Domu sv. Jo\u017eef na Ple\u010dnikovi 29 v Celju.<\/strong><br \/>\nVabimo, da sodelujete v organih dru\u0161tva in pri vodenju dru\u0161tva.<br \/>\nKandidature z osebno predstavitvijo in\/ali predloge za \u010dlanico\/\u010dlana organov dru\u0161tva\u00a0 posredujte najkasneje do 7. marca.<\/p>\n<p><a href=\"https:\/\/www.scd.si\/slo\/wp-content\/SCD-2018-OZ-Kandidatura-Osebna.doc\">Kandidatura za \u010dlanico\/\u010dlana organov SCD<br \/>\n<\/a><a href=\"https:\/\/www.scd.si\/slo\/wp-content\/SCD-2018-OZ-Kandidatura-Predlog.doc\">Predlog kandidatke\/kandidata za \u010dlanico\/\u010dlana organov SCD<\/a><\/p>\n<p>&nbsp;<\/p>\n<h2>Ob\u010dni zbor 2017<\/h2>\n<p>Vse \u010dlanice in \u010dlane vabimo na<strong> redni letni ob\u010dni zbor<\/strong>, ki bo <strong>v nedeljo, 26. marca ob 18. uri v Zavodu sv. Stanislava v \u0160entvidu v Ljubljani<\/strong>.<\/p>\n<h2><\/h2>\n<h2>Ob\u010dni zbor 2016<\/h2>\n<p>Vse \u010dlanice in \u010dlane vabimo na <b>redni letni ob\u010dni zbor<\/b>, ki bo <b>v soboto, 12. marca 18. uri v Zavodu sv. Stanislava v \u0160entvidu v Ljubljani<\/b>.<\/p>\n<h2><\/h2>\n<h2>Ob\u010dni zbor 2015<\/h2>\n<p>Spo\u0161tovane \u010dlanice, spo\u0161tovani \u010dlani!<\/p>\n<p>Redni letni ob\u010dni zbor Slovenskega Cecilijinega dru\u0161tva, ki bo v nedeljo, 22. marca 2015 ob 18.00 uri v glasbenem kabinetu Zavoda sv. Stanislava v Ljubljani.<\/p>\n<p>Dnevni red:<\/p>\n<p>1. Poro\u010dila o delu dru\u0161tva v letu 2014;<\/p>\n<p>2. Razprava o poro\u010dilih;<\/p>\n<p>3. Sprejem poro\u010dil;<\/p>\n<p>4. Na\u010drt dela in finan\u010dni na\u010drt dru\u0161tva za 2013;<\/p>\n<p>6. Pobude in predlogi.<\/p>\n<p>Vabljeni, da tudi letos prispevate svoje misli za uspe\u0161no delo dru\u0161tva.<\/p>\n<p>v imenu Izvr\u0161nega odbora<\/p>\n<p>Toma\u017e Faganel, predsednik<\/p>\n<h2><\/h2>\n<h2>Volilni ob\u010dni zbor za leto 2014<\/h2>\n<p>Vabimo Vas na volilni ob\u010dni zbor Slovenskega Cecilijinega dru\u0161tva, ki bo v nedeljo, 16. marca 2014 ob 17.30 v glasbenem kabinetu v Zavodu sv. Stanislava v \u0160entvidu v Ljubljani (\u0160tula 23). Ker organom dru\u0161tva in predsedniku pote\u010de mandat, bomo na ob\u010dnem zboru izvolili tudi novo vodstvo dru\u0161tva in po \u0161tirih letih tudi novo predsednico ali predsednika.<\/p>\n<p>\u010canice in \u010dlane dru\u0161tva vabimo, da na ob\u010dnem zboru aktivno sodelujete in ste aktivni tudi pri volitvah v organe dru\u0161tva (izvr\u0161ni odbor, nadzorni odbor, \u010dastno razsodi\u0161\u010de) in pri vodenju dru\u0161tva. Predloge za kandidate za organe dru\u0161tva in\/ali za predsednico\/predsednika oz. osebne kandidature s kratko osebno predstavitvijo in\/ali predloge za \u010dlanico\/\u010dlana organov dru\u0161tva in\/ali za predsednico\/predsednika dru\u0161tva z osebno predstavitvijo in na\u010drtom delovanja dru\u0161tva za naslednji mandat (za predsednico\/predsednika) posredujte najkasneje do 10. marca na naslov info@scd.si.<\/p>\n<p>&nbsp;<\/p>\n<h2>Redni letni ob\u010dni zbor za leto 2013<\/h2>\n<p>\u010clanice in \u010dlane vabimo na redni letni <strong>ob\u010dni zbor<\/strong>, ki bo <strong>v nedeljo, 3. marca 2013 ob 18. uri v Zavodu sv. Stanislava v \u0160entvidu v Ljubljani<\/strong>.<br \/>\nPo ob\u010dnem zboru: predstavitev zbirke Ars organi Sloveniae (Jurij Dobravec) in orgelska poigra (Dalibor Miklav\u010di\u010d).<\/p>\n<h2>Redni letni in volilni ob\u010dni zbor za leto 2012<\/h2>\n<p><strong>Ljubljana, nedelja, 18. marca 2012, Zavod sv. Stanislava, \u0160tula 23, Ljubljana<\/strong><\/p>\n<p><strong>Dnevni red<\/strong><br \/>\n1. Izvolitev delovnega predsedstva<br \/>\n2. Poro\u010dila o delu dru\u0161tva za leto 2011<br \/>\n3. Razprava o poro\u010dilih in sprejem poro\u010dil<br \/>\n4. Dopolnitev pravil dru\u0161tva<br \/>\n5. Razre\u0161nica organov dru\u0161tva<br \/>\n6. Volitve organov dru\u0161tva<br \/>\n7. Na\u010drt dela dru\u0161tva za leto 2012<br \/>\n8. Razglasitev izida volitev<br \/>\n9. Pobude in predlogi<\/p>\n<h2>Redni letni ob\u010dni zbor Slovenskega Cecilijinega dru\u0161tva za leto 2010<\/h2>\n<p><strong>Nedelja, 20. marca 2011 ob 17. uri<\/strong><\/p>\n<p><strong>Ljubljana, Pre\u0161ernov trg 2 \u2013 Fran\u010di\u0161kani, Slom\u0161kova soba<\/strong><\/p>\n<p><strong>Spored:<\/strong><\/p>\n<p>17:00 \u2013 Ob\u010dni zbor Slovenskega Cecilijinega dru\u0161tva<\/p>\n<p>19:00 \u2013 Koncert \u2013 7. koncert Vokalnega abonmaja Slovenske filharmonije<\/p>\n<p>V imenu izvr\u0161nega odbora na\u0161ega dru\u0161tva in v svojem imenu vabimo na redni letni ob\u010dni zbor Slovenskega Cecilijinega dru\u0161tva, ki bo v soboto, 20. marca 2010 ob 17. uri v Slom\u0161kovi dvorani \u017dupnije Marijinega oznanjenja (fran\u010di\u0161kani) na Pre\u0161ernovem trgu 2 v Ljubljani. Kot vsako leto, bomo na ob\u010dnem zboru pregledali delo dru\u0161tva v lanskem letu in si zarisali na\u010drte za letos. Vse \u010dlanice in \u010dlane dru\u0161tva vabimo, da na ob\u010dnem zboru aktivno sodelujete.<\/p>\n<p>Tudi letos bomo ob\u010dni zbor zaokro\u017eili z glasbenim dogodkom. V bli\u017enji Slovenski filharmoniji bomo prisluhnili 7. abonmajskemu koncertu Slovenskega komornega zbora, dirigiral bo Toma\u017e Faganel. Na sporedu bodo skladbe Handla-Gallusa, Lidholma, Wolfa, Mo\u010dnika, Schumanna, Szymanowskega, Kreka in Ebna.<\/p>\n<p>Va\u0161o vstopnico za koncert rezervirajte z e-po\u0161to info@scd.si, lahko tudi z navadno po\u0161to do najkasneje vklju\u010dno 10. marca. Prejeli jih boste na ob\u010dnem zboru.<br \/>\nOb\u010dni zbori dru\u0161tva<\/p>\n<h2>Volilni ob\u010dni zbor Slovenskega Cecilijinega dru\u0161tva za leto 2009<\/h2>\n<p><strong>Ljubljana, Zavod sv. Stanislava, 13. marca 2010<\/strong><\/p>\n<p><strong>Spored:<\/strong> volilni ob\u010dni zbor, predstvitev ra\u010dunalni\u0161kega programa za upravljanje notnega arhiva NotArh<\/p>\n<h2>Ob\u010dni zbor Slovenskega Cecilijinega dru\u0161tva za leto 2008<\/h2>\n<p><strong>Ljubljana, \u017dupnija Marijinega oznanjenja \u2013 Fran\u010di\u0161kani, 15. marca 2009<\/strong><\/p>\n<p><strong>Spored:<\/strong> ob\u010dni zbor, koncert Slovenskega komornega zbora<\/p>\n<h2>Ob\u010dni zbor Slovenskega Cecilijinega dru\u0161tva za leto 2007<\/h2>\n<p><strong>Velesovo, Samostan Velesovo, 15. marca 2008<\/strong><\/p>\n<p><strong>Spored:<\/strong> ob\u010dni zbor, ogled novih orgel, koncert Cerkvenega \u017eenskega pevskega zbora Andreja Vavkna<\/p>\n<h2>Ob\u010dni zbor Slovenskega Cecilijinega dru\u0161tva za leto 1999<\/h2>\n<p><strong>Ljubljana, Zavod sv. Stanislava, 2. decembra 2000<\/strong><\/p>\n<h2>Ob\u010dni zbor Slovenskega Cecilijinega dru\u0161tva za leto 1998<\/h2>\n<p><strong>Ljubljana, \u017dupnija Marijinega oznanjenja, 4. decembra 1999<\/strong><\/p>\n<h2>Ob\u010dni zbor Slovenskega Cecilijinega dru\u0161tva za leto 1997<\/h2>\n<p><strong>Ljubljana, Zavod sv. Stanislava, 4. decembra 1998<\/strong><\/p>\n<h2>Ob\u010dni zbor slovenskega Cecilijinega dru\u0161tva za leto 1996<\/h2>\n<p><strong>Ustanovni ob\u010dni zbor Slovenskega Cecilijinega dru\u0161tva<\/strong><\/p>\n<p><strong>Cerklje na Gorenjskem, 28. september 1996<\/strong><\/p>\n<p><em>Podrobnosti o posameznem ob\u010dnem zboru: \u0161e pi\u0161emo<\/em><\/p>\n<h1><a title=\"Pojdi na Volilni ob\u010dni zbor\" href=\"https:\/\/www.scd.si\/slo\/volilni-obcni-zbor\" rel=\"bookmark\">Volilni ob\u010dni zbor<\/a><\/h1>\n<p>Vabimo Vas na<strong> volilni ob\u010dni zbor<\/strong> Slovenskega Cecilijinega dru\u0161tva, ki bo <strong>v nedeljo, 16. marca 2014 ob 17.30<\/strong> v glasbenem kabinetu <strong>v Zavodu sv. Stanislava v \u0160entvidu v Ljubljani<\/strong> (\u0160tula 23). Ker organom dru\u0161tva in predsedniku pote\u010de mandat, bomo na ob\u010dnem zboru izvolili tudi novo vodstvo dru\u0161tva in po \u0161tirih letih tudi novo predsednico ali predsednika.<\/p>\n<p>\u010canice in \u010dlane dru\u0161tva vabimo, da na ob\u010dnem zboru aktivno sodelujete in ste aktivni tudi pri volitvah v organe dru\u0161tva (izvr\u0161ni odbor, nadzorni odbor, \u010dastno razsodi\u0161\u010de) in pri vodenju dru\u0161tva. Predloge za kandidate za organe dru\u0161tva in\/ali za predsednico\/predsednika oz. osebne kandidature s kratko osebno predstavitvijo in\/ali predloge za \u010dlanico\/\u010dlana organov dru\u0161tva in\/ali za predsednico\/predsednika dru\u0161tva z osebno predstavitvijo in na\u010drtom delovanja dru\u0161tva za naslednji mandat (za predsednico\/predsednika) posredujte najkasneje do 10. marca na naslov <a href=\"mailto:info@scd.si\">info@scd.si<\/a>.<\/p>\n","protected":false},"excerpt":{"rendered":"<p>Volilni ob\u010dni zbor 2022 Sobota, 26. marec 2022, ob 20.00. V \u017eelji, da bi se ob\u010dnega zbora lahko udele\u017eilo \u010dim ve\u010d \u010dlanov, ga bomo tudi letos organizirali preko aplikacije Zoom.\u00a0 Ob\u010dni zbor 2021 Zaradi slabih epidemiolo\u0161kih razmer v epidemiji kovid je bil ob\u010dni zbor izveden preko spletne aplikacije Zoom, 13. marca 2020 ob 18. uri. [&hellip;]<\/p>\n","protected":false},"author":1,"featured_media":0,"parent":65,"menu_order":0,"comment_status":"closed","ping_status":"closed","template":"","meta":[],"_links":{"self":[{"href":"https:\/\/www.scd.si\/slo\/wp-json\/wp\/v2\/pages\/71"}],"collection":[{"href":"https:\/\/www.scd.si\/slo\/wp-json\/wp\/v2\/pages"}],"about":[{"href":"https:\/\/www.scd.si\/slo\/wp-json\/wp\/v2\/types\/page"}],"author":[{"embeddable":true,"href":"https:\/\/www.scd.si\/slo\/wp-json\/wp\/v2\/users\/1"}],"replies":[{"embeddable":true,"href":"https:\/\/www.scd.si\/slo\/wp-json\/wp\/v2\/comments?post=71"}],"version-history":[{"count":34,"href":"https:\/\/www.scd.si\/slo\/wp-json\/wp\/v2\/pages\/71\/revisions"}],"predecessor-version":[{"id":1383,"href":"https:\/\/www.scd.si\/slo\/wp-json\/wp\/v2\/pages\/71\/revisions\/1383"}],"up":[{"embeddable":true,"href":"https:\/\/www.scd.si\/slo\/wp-json\/wp\/v2\/pages\/65"}],"wp:attachment":[{"href":"https:\/\/www.scd.si\/slo\/wp-json\/wp\/v2\/media?parent=71"}],"curies":[{"name":"wp","href":"https:\/\/api.w.org\/{rel}","templated":true}]}}