{"id":87,"date":"2009-03-01T14:49:25","date_gmt":"2009-03-01T13:49:25","guid":{"rendered":"http:\/\/www.scd.si\/slo\/?page_id=87"},"modified":"2026-04-09T20:50:00","modified_gmt":"2026-04-09T19:50:00","slug":"priznanja","status":"publish","type":"page","link":"https:\/\/www.scd.si\/slo\/dejavnosti\/priznanja","title":{"rendered":"Odli\u010dja in priznanja Slovenskega Cecilijinega dru\u0161tva"},"content":{"rendered":"<p>Slovensko Cecilijino dru\u0161tvo v sodelovanju s Slovensko \u0161kofovsko konferenco cerkvenim glasbenikom podeljuje naslednja priznanja:<\/p>\n<ul>\n<li><strong>Riharjevo priznanje<\/strong> za najmanj 10 let delovanja,<\/li>\n<li><strong>bronasto Riharjevo priznanje<\/strong> za najmanj 20 let delovanja,<\/li>\n<li><strong>srebrno Riharjevo priznanje<\/strong> za najmanj 30 let delovanja,<\/li>\n<li><strong>zlato Riharjevo priznanje<\/strong> za najmanj 40 let delovanja,<\/li>\n<li><strong>\u010castno zlato priznanje SCD<\/strong> se podeljuje za 50-letno aktivno delovanje v slovenski cerkveni glasbi.<\/li>\n<\/ul>\n<p>&nbsp;<\/p>\n<p>Odli\u010dja SCD, ki se podeljujejo vsaki dve leti, so:<\/p>\n<ul>\n<li><strong>zlata Riharjeva plaketa<\/strong> za izjemne ustvarjalne dose\u017eke v dalj\u0161em obdobju ali za \u017eivljenjsko delo,<\/li>\n<li><strong>srebrna Riharjeva plaketa<\/strong> za dolgoletno in uspe\u0161no delo,<\/li>\n<li><strong>bronasta Riharjeva plaketa<\/strong> za enkraten izjemen dose\u017eek, stvaritev.<\/li>\n<\/ul>\n<p>&nbsp;<\/p>\n<p><strong>\u010castno \u010dlanstvo SCD<\/strong> dru\u0161tvo podeljuje \u010dlanom in tudi ne\u010dlanom dru\u0161tva, ki imajo izredne zasluge na podro\u010dju cerkveno-glasbene dejavnosti.<\/p>\n<p>&nbsp;<\/p>\n<h3>Objavljen je <a href=\"https:\/\/www.scd.si\/slo\/razpis-za-priznanja-2026\" target=\"_blank\" rel=\"noopener\">RAZPIS ZA PRIZNANJA SCD<\/a> za leto 2026.<\/h3>\n<p>&nbsp;<\/p>\n<p>&nbsp;<\/p>\n","protected":false},"excerpt":{"rendered":"<p>Slovensko Cecilijino dru\u0161tvo v sodelovanju s Slovensko \u0161kofovsko konferenco cerkvenim glasbenikom podeljuje naslednja priznanja: Riharjevo priznanje za najmanj 10 let delovanja, bronasto Riharjevo priznanje za najmanj 20 let delovanja, srebrno Riharjevo priznanje za najmanj 30 let delovanja, zlato Riharjevo priznanje za najmanj 40 let delovanja, \u010castno zlato priznanje SCD se podeljuje za 50-letno aktivno delovanje [&hellip;]<\/p>\n","protected":false},"author":1,"featured_media":0,"parent":65,"menu_order":16,"comment_status":"closed","ping_status":"closed","template":"","meta":[],"_links":{"self":[{"href":"https:\/\/www.scd.si\/slo\/wp-json\/wp\/v2\/pages\/87"}],"collection":[{"href":"https:\/\/www.scd.si\/slo\/wp-json\/wp\/v2\/pages"}],"about":[{"href":"https:\/\/www.scd.si\/slo\/wp-json\/wp\/v2\/types\/page"}],"author":[{"embeddable":true,"href":"https:\/\/www.scd.si\/slo\/wp-json\/wp\/v2\/users\/1"}],"replies":[{"embeddable":true,"href":"https:\/\/www.scd.si\/slo\/wp-json\/wp\/v2\/comments?post=87"}],"version-history":[{"count":13,"href":"https:\/\/www.scd.si\/slo\/wp-json\/wp\/v2\/pages\/87\/revisions"}],"predecessor-version":[{"id":1913,"href":"https:\/\/www.scd.si\/slo\/wp-json\/wp\/v2\/pages\/87\/revisions\/1913"}],"up":[{"embeddable":true,"href":"https:\/\/www.scd.si\/slo\/wp-json\/wp\/v2\/pages\/65"}],"wp:attachment":[{"href":"https:\/\/www.scd.si\/slo\/wp-json\/wp\/v2\/media?parent=87"}],"curies":[{"name":"wp","href":"https:\/\/api.w.org\/{rel}","templated":true}]}}